

{"id":46,"date":"2018-11-14T14:07:49","date_gmt":"2018-11-14T13:07:49","guid":{"rendered":"https:\/\/salzziegel.ch\/firmen\/?post_type=product&#038;p=46"},"modified":"2024-11-28T23:10:06","modified_gmt":"2024-11-28T22:10:06","slug":"salzziegel-schmal-20x10x25cm-10-stuck","status":"publish","type":"product","link":"https:\/\/salzziegel.ch\/firmen\/product\/salzziegel-schmal-20x10x25cm-10-stuck\/","title":{"rendered":"Salzziegel schmal 20x10x2,5cm (10 Stk.\/Karton, 720 Stk.\/Palette)"},"content":{"rendered":"<p>Salzsteine werden immer h\u00e4ufiger in \u00f6ffenlichen und privaten Wellnessbereichen f\u00fcr die Auskleidung von Saunen, zur Dekoration (z. B. Salzwand, Salzbild) in Ruher\u00e4umen oder im Bad verwendet. Die Salzziegel k\u00f6nnen hinterleuchtet werden und scheine dann in verschiedenen Rott\u00f6nen. Ein einzigartiges warmes Ambiente. Die Salzziegel k\u00f6nnen \u00fcbereinander gemauert und verklebt werden. Passendes Zubeh\u00f6r finden Sie am Ende unter dem Reiter Zubeh\u00f6r. Zur Hinterleuchtung wird meistens eine LED-Schlauch verwendet.<\/p>\n<p>Salzziegel schmal<br \/>\n20 x 10 x 2,5 cm (ca. 1.1 kg \/ Stk)<br \/>\nPalettenmenge 720 St\u00fcck<\/p>\n<p>Bei Bezug von ganzen Paletten bitte Spezialpreis anfragen<\/p>\n","protected":false},"excerpt":{"rendered":"<p>Salzsteine werden immer h\u00e4ufiger in \u00f6ffenlichen und privaten Wellnessbereichen f\u00fcr die Auskleidung von Saunen, zur Dekoration (z. B. Salzwand, Salzbild) in Ruher\u00e4umen oder im Bad verwendet. Die Salzziegel k\u00f6nnen hinterleuchtet werden und scheine dann in verschiedenen Rott\u00f6nen. Ein einzigartiges warmes Ambiente. Die Salzziegel k\u00f6nnen \u00fcbereinander gemauert und verklebt werden. Passendes Zubeh\u00f6r finden Sie am Ende [&hellip;]<\/p>\n","protected":false},"featured_media":47,"comment_status":"open","ping_status":"closed","template":"","meta":[],"_links":{"self":[{"href":"https:\/\/salzziegel.ch\/firmen\/wp-json\/wp\/v2\/product\/46"}],"collection":[{"href":"https:\/\/salzziegel.ch\/firmen\/wp-json\/wp\/v2\/product"}],"about":[{"href":"https:\/\/salzziegel.ch\/firmen\/wp-json\/wp\/v2\/types\/product"}],"replies":[{"embeddable":true,"href":"https:\/\/salzziegel.ch\/firmen\/wp-json\/wp\/v2\/comments?post=46"}],"wp:featuredmedia":[{"embeddable":true,"href":"https:\/\/salzziegel.ch\/firmen\/wp-json\/wp\/v2\/media\/47"}],"wp:attachment":[{"href":"https:\/\/salzziegel.ch\/firmen\/wp-json\/wp\/v2\/media?parent=46"}],"curies":[{"name":"wp","href":"https:\/\/api.w.org\/{rel}","templated":true}]}}